{"version":"1.0","provider_name":"Partido del Trabajo (EMEP)","provider_url":"https:\/\/emep.org\/es","author_name":"cogbs","author_url":"https:\/\/emep.org\/es\/author\/cogbs","title":"Atentado con bomba en el mitin por la paz - Partido del Trabajo (EMEP)","type":"rich","width":600,"height":338,"html":"<blockquote class=\"wp-embedded-content\" data-secret=\"AcD7CMGYpE\"><a href=\"https:\/\/emep.org\/es\/la-matanza-en-la-manifestacion-de-ankara\">Atentado con bomba en el mitin por la paz<\/a><\/blockquote><iframe sandbox=\"allow-scripts\" security=\"restricted\" src=\"https:\/\/emep.org\/es\/la-matanza-en-la-manifestacion-de-ankara\/embed#?secret=AcD7CMGYpE\" width=\"600\" height=\"338\" title=\"&#8220;Atentado con bomba en el mitin por la paz&#8221; &#8212; Partido del Trabajo (EMEP)\" data-secret=\"AcD7CMGYpE\" frameborder=\"0\" marginwidth=\"0\" marginheight=\"0\" scrolling=\"no\" class=\"wp-embedded-content\"><\/iframe><script type=\"text\/javascript\">\n\/* <![CDATA[ *\/\n\/*! This file is auto-generated *\/\n!function(d,l){\"use strict\";l.querySelector&&d.addEventListener&&\"undefined\"!=typeof URL&&(d.wp=d.wp||{},d.wp.receiveEmbedMessage||(d.wp.receiveEmbedMessage=function(e){var t=e.data;if((t||t.secret||t.message||t.value)&&!\/[^a-zA-Z0-9]\/.test(t.secret)){for(var s,r,n,a=l.querySelectorAll('iframe[data-secret=\"'+t.secret+'\"]'),o=l.querySelectorAll('blockquote[data-secret=\"'+t.secret+'\"]'),c=new RegExp(\"^https?:$\",\"i\"),i=0;i<o.length;i++)o[i].style.display=\"none\";for(i=0;i<a.length;i++)s=a[i],e.source===s.contentWindow&&(s.removeAttribute(\"style\"),\"height\"===t.message?(1e3<(r=parseInt(t.value,10))?r=1e3:~~r<200&&(r=200),s.height=r):\"link\"===t.message&&(r=new URL(s.getAttribute(\"src\")),n=new URL(t.value),c.test(n.protocol))&&n.host===r.host&&l.activeElement===s&&(d.top.location.href=t.value))}},d.addEventListener(\"message\",d.wp.receiveEmbedMessage,!1),l.addEventListener(\"DOMContentLoaded\",function(){for(var e,t,s=l.querySelectorAll(\"iframe.wp-embedded-content\"),r=0;r<s.length;r++)(t=(e=s[r]).getAttribute(\"data-secret\"))||(t=Math.random().toString(36).substring(2,12),e.src+=\"#?secret=\"+t,e.setAttribute(\"data-secret\",t)),e.contentWindow.postMessage({message:\"ready\",secret:t},\"*\")},!1)))}(window,document);\n\/\/# sourceURL=https:\/\/emep.org\/es\/wp-includes\/js\/wp-embed.min.js\n\/* ]]> *\/\n<\/script>\n","thumbnail_url":"https:\/\/emep.org\/es\/wp-content\/uploads\/2015\/10\/bomb1.jpg","thumbnail_width":745,"thumbnail_height":497,"description":"Una manifestaci\u00f3n organizada por la paz en Ankara por los cuatro sindicatos mayoritarios, ha sido hoy atacada en dos atentados con bomba. Las dos bombas han explotado entre la gente de la manifestaci\u00f3n que converg\u00eda hacia la plaza cerca de la estaci\u00f3n de ferrocarril de Ankara, a las 10 de esta ma\u00f1ana. Seg\u00fan los datos..."}

Una manifestación organizada por la paz en Ankara por los cuatro sindicatos mayoritarios, ha sido hoy atacada en dos atentados con bomba. Las dos bombas han explotado entre la gente de la manifestación que convergía hacia la plaza cerca de la estación de ferrocarril de Ankara, a las 10 de esta mañana. Según los datos...
